hen 1103002997 is divided by 1576.
1573
What is the remainder when 86676 is divided by 7?
2
What is the remainder when 58138239 is divided by 2642644?
71
Calculate the remainder when 35016070 is divided by 61.
57
What is the remainder when 25330 is divided by 1800?
130
Calculate the remainder when 80671877 is divided by 42.
41
What is the remainder when 4102108 is divided by 447?
436
What is the remainder when 6648105 is divided by 1069?
1063
Calculate the remainder when 2491594 is divided by 550.
94
What is the remainder when 4567112 is divided by 501?
497
What is the remainder when 147784 is divided by 18473?
0
Calculate the remainder when 204170279 is divided by 762.
761
What is the remainder when 2827322 is divided by 1413576?
170
Calculate the remainder when 3846911 is divided by 529.
23
Calculate the remainder when 318292 is divided by 2335.
732
Calculate the remainder when 34628591 is divided by 1822557.
8
Calculate the remainder when 249570956 is divided by 106.
104
What is the remainder when 129354738 is divided by 3389?
3386
What is the remainder when 6849724 is divided by 6?
4
What is the remainder when 305739 is divided by 101147?
2298
What is the remainder when 1816343 is divided by 6?
5
What is the remainder when 3029203 is divided by 336571?
64
What is the remainder when 54742150 is divided by 880?
870
Calculate the remainder when 29442224 is divided by 922.
920
Calculate the remainder when 117412 is divided by 39110.
82
What is the remainder when 235909 is divided by 1371?
97
Calculate the remainder when 8433 is divided by 7963.
470
Calculate the remainder when 429425 is divided by 2308.
137
What is the remainder when 111787 is divided by 2150?
2137
Calculate the remainder when 25023 is divided by 4938.
333
Calculate the remainder when 22317 is divided by 888.
117
Calculate the remainder when 2385846 is divided by 140332.
202
What is the remainder when 388253 is divided by 5542?
313
What is the remainder when 468334 is divided by 3143?
27
Calculate the remainder when 13859 is divided by 1518.
197
What is the remainder when 36731607 is divided by 24?
15
Calculate the remainder when 3883010 is divided by 29.
26
What is the remainder when 204611 is divided by 20385?
761
Calculate the remainder when 10875704 is divided by 623.
616
Calculate the remainder when 1521834 is divided by 126.
6
What is the remainder when 575356 is divided by 143116?
2892
Calculate the remainder when 41494341 is divided by 941.
5
What is the remainder when 54943 is divided by 4471?
1291
What is the remainder when 1028353 is divided by 54123?
16
What is the remainder when 5023319 is divided by 5889?
2
What is the remainder when 276646 is divided by 9537?
73
Calculate the remainder when 63408240 is divided by 158.
154
Calculate the remainder when 1508127 is divided by 984.
639
Calculate the remainder when 99903 is divided by 16428.
1335
Calculate the remainder when 1169959 is divided by 24891.
82
Calculate the remainder when 6351639 is divided by 40.
39
What is the remainder when 27081 is divided by 403?
80
Calculate the remainder when 12651436 is divided by 4217142.
10
What is the remainder when 6694674 is divided by 2562?
168
What is the remainder when 2210745 is divided by 11697?
12
What is the remainder when 32021574 is divided by 34?
0
What is the remainder when 10544724 is divided by 9?
0
Calculate the remainder when 849552 is divided by 31.
28
Calculate the remainder when 123007 is divided by 12291.
97
Calculate the remainder when 278897 is divided by 30963.
230
What is the remainder when 38103 is divided by 11483?
3654
Calculate the remainder when 13661604 is divided by 4986.
4950
Calculate the remainder when 29888 is divided by 1657.
62
What is the remainder when 90661027 is divided by 44?
39
Calculate the remainder when 1196082 is divided by 13139.
433
Calculate the remainder when 191298452 is divided by 8224.
8212
Calculate the remainder when 173214421 is divided by 2542.
2541
Calculate the remainder when 13894422 is divided by 333.
330
Calculate the remainder when 5960946 is divided by 395.
1
What is the remainder when 5389368 is divided by 51327?
33
Calculate the remainder when 300545 is divided by 7155.
35
What is the remainder when 197679 is divided by 422?
183
What is the remainder when 3774144 is divided by 754822?
34
Calculate the remainder when 474730 is divided by 1978.
10
What is the remainder when 451509 is divided by 90295?
34
Calculate the remainder when 127568321 is divided by 647.
625
What is the remainder when 48321098 is divided by 805351?
38
Calculate the remainder when 2496847 is divided by 61.
56
Calculate the remainder when 207031 is divided by 36.
31
Calculate the remainder when 1217974 is divided by 4001.
1670
What is the remainder when 227159 is divided by 891?
845
Calculate the remainder when 23636104 is divided by 31.
30
What is the remainder when 432906 is divided by 180?
6
What is the remainder when 6169986 is divided by 34?
6
What is the remainder when 2615391 is divided by 629?
9
Calculate the remainder when 114288 is divided by 1068.
12
What is the remainder when 28759 is divided by 2063?
1940
Calculate the remainder when 165793 is divided by 458.
455
What is the remainder when 15080635 is divided by 120?
115
Calculate the remainder when 47844545 is divided by 38.
37
What is the remainder when 1752151 is divided by 120?
31
What is the remainder when 24658 is divided by 1695?
928
What is the remainder when 621719 is divided by 20703?
629
Calculate the remainder when 9548619 is divided by 18541.
4
Calculate the remainder when 249368 is divided by 35592.
224
Calculate the remainder when 16860460 is divided by 674418.
10
What is the remainder when 580897 is divided by 1167?
898
Calculate the remainder when 308823477 is divided by 123.
120
Calculate the remainder when 181106 is divided by 181104.
2
Calculate the remainder when 3816569 is divided by 190828.
9
What is the remainder when 492796 is divided by 5459?
1486
What is the remainder when 8347175 is divided by 7116?
107
What is the remainder when 208246 is divided by 260?
246
Calculate the remainder when 24564 is divided by 2136.
1068
What is the remainder when 29383982 is divided by 112?
110
What is the remainder when 960547 is divided by 5426?
145
Calculate the remainder when 239366 is divided by 119675.
16
Calculate the remainder when 9034953 is divided by 2331.
2328
What is the remainder when 4733 is divided by 245?
78
Calculate the remainder when 8328 is divided by 64.
8
What is the remainder when 1277379 is divided by 17?
16
Calculate the remainder when 286646 is divided by 585.
581
Calculate the remainder when 12817615 is divided by 56.
55
Calculate the remainder when 1689017 is divided by 1720.
1697
Calculate the remainder when 41755 is divided by 8348.
15
What is the remainder when 83758 is divided by 3350?
8
Calculate the remainder when 5464090 is divided by 1634.
1628
What is the remainder when 17908984 is divided by 2771?
11
What is the remainder when 80618070 is divided by 535?
525
What is the remainder when 398065 is divided by 132671?
52
Calculate the remainder when 3799037 is divided by 237425.
237
Calculate the remainder when 13824894 is divided by 939.
936
Calculate the remainder when 19056211 is divided by 81.
70
Calculate the remainder when 95377 is divided by 31652.
421
Calculate the remainder when 162670 is divided by 39606.
4246
Calculate the remainder when 9712557 is divided by 110.
107
Calculate the remainder when 27517380 is divided by 2963.
2962
What is the remainder when 1533630749 is divided by 15?
14
Calculate the remainder when 141677 is divided by 15323.
3770
What is the remainder when 73531 is divided by 8168?
19
What is the remainder when 6020592 is divided by 4079?
4067
What is the remainder when 139435987 is divided by 11?
9
Calculate the remainder when 717631 is divided by 10249.
201
Calculate the remainder when 2322360 is divided by 211121.
29
What is the remainder when 5593232 is divided by 83480?
72
Calculate the remainder when 4917147 is divided by 844.
3
Calculate the remainder when 503598 is divided by 263.
216
What is the remainder when 234202 is divided by 3004?
2894
Calculate the remainder when 9360625 is divided by 9